on factor of 26607681 and 824.
103
What is the greatest common factor of 831702162 and 114?
114
Calculate the greatest common divisor of 282360 and 16692.
156
Calculate the highest common factor of 1281 and 8861727.
21
Calculate the highest common factor of 4562 and 5609211662.
4562
Calculate the highest common factor of 6258106 and 5624.
1406
Calculate the highest common divisor of 1548 and 60899008.
172
Calculate the highest common divisor of 54428490 and 116495.
5065
What is the greatest common divisor of 3646131 and 166878?
219
What is the greatest common divisor of 37944 and 3929544?
72
What is the greatest common divisor of 704483141 and 141?
47
What is the highest common divisor of 10 and 53805235?
5
Calculate the greatest common divisor of 38080 and 5318348.
476
What is the highest common divisor of 156 and 2954244?
12
Calculate the highest common divisor of 1150669 and 169.
13
What is the highest common divisor of 4941805 and 6270?
1045
What is the greatest common factor of 284 and 1381442456?
284
What is the greatest common divisor of 3520 and 1428130?
110
What is the greatest common factor of 3312 and 140079384?
1656
What is the greatest common divisor of 98654 and 8774?
214
Calculate the greatest common factor of 435 and 159274235.
145
What is the highest common factor of 69678 and 418542?
474
What is the greatest common factor of 769889 and 4171?
97
What is the greatest common factor of 13722233 and 70112?
2191
Calculate the highest common factor of 5415597 and 17.
1
What is the highest common factor of 52035474 and 426?
426
Calculate the greatest common factor of 715 and 206276005.
65
What is the greatest common factor of 189499 and 52847927?
11147
Calculate the highest common factor of 2964 and 13754442.
1482
What is the greatest common divisor of 629 and 291048179?
37
Calculate the highest common factor of 5471296 and 574228.
6452
What is the highest common divisor of 9455746 and 5558?
794
Calculate the greatest common divisor of 110422 and 10788.
62
Calculate the greatest common factor of 162911 and 4574717.
4403
What is the greatest common factor of 832440 and 24036?
12
What is the greatest common factor of 104083578 and 914?
914
Calculate the greatest common divisor of 30790457 and 5272.
659
Calculate the greatest common factor of 4018 and 90859034.
4018
Calculate the highest common divisor of 23000 and 514625.
2875
What is the highest common divisor of 31811247 and 351?
117
Calculate the greatest common factor of 550 and 3525.
25
What is the highest common factor of 2140215 and 175?
35
What is the highest common divisor of 2796704 and 9911?
901
What is the greatest common factor of 19601448 and 36?
12
What is the highest common divisor of 4361 and 7385?
7
Calculate the highest common divisor of 7812 and 555303.
651
What is the highest common divisor of 1096 and 17219530?
274
Calculate the highest common divisor of 100 and 19219325.
25
What is the greatest common factor of 1111200 and 20000?
800
Calculate the highest common factor of 6042866 and 543.
181
Calculate the greatest common factor of 9687776 and 9632.
224
Calculate the highest common divisor of 594 and 1699610.
22
What is the greatest common factor of 4484 and 7835200?
236
What is the greatest common divisor of 351600 and 164750?
50
Calculate the greatest common factor of 854675584 and 469.
469
What is the greatest common factor of 124098 and 107328?
3354
What is the highest common factor of 42385645 and 10?
5
Calculate the greatest common divisor of 2978 and 71.
1
Calculate the greatest common divisor of 531148 and 47508.
428
What is the highest common factor of 7392 and 29472?
96
Calculate the greatest common divisor of 8115 and 36996.
3
Calculate the greatest common factor of 2926 and 1566796.
154
Calculate the highest common factor of 342 and 193677444.
18
What is the greatest common factor of 21897702 and 230?
46
Calculate the highest common factor of 26980 and 122436.
76
What is the highest common factor of 10494 and 19492923?
159
Calculate the greatest common factor of 43214 and 378758.
2542
What is the highest common factor of 42959949 and 3?
3
What is the highest common factor of 2639628 and 63?
9
What is the greatest common divisor of 340 and 29583230?
170
Calculate the highest common divisor of 99 and 10082655.
99
What is the highest common divisor of 1254 and 915024?
66
Calculate the greatest common divisor of 5450 and 344440.
1090
Calculate the highest common divisor of 11664 and 3706992.
432
What is the greatest common divisor of 467653399 and 4651?
4651
What is the highest common factor of 1378 and 14187199?
689
What is the highest common divisor of 6526 and 6204971?
251
Calculate the highest common divisor of 1019600 and 400.
400
What is the greatest common factor of 10010 and 256610?
10
Calculate the highest common factor of 195414102 and 78.
78
What is the highest common divisor of 1584562 and 4788?
266
Calculate the greatest common divisor of 265 and 66627201.
53
Calculate the highest common divisor of 98 and 76217932.
98
What is the greatest common divisor of 515848 and 288?
8
Calculate the greatest common factor of 38939327 and 42.
7
Calculate the greatest common factor of 199268 and 9322207.
1607
Calculate the highest common divisor of 379935 and 2070.
45
What is the highest common divisor of 195852346 and 1454?
1454
Calculate the highest common divisor of 657 and 4376142.
9
Calculate the greatest common factor of 3625 and 54955.
145
What is the highest common factor of 7578 and 8634?
6
What is the greatest common factor of 428217998 and 663?
221
What is the greatest common factor of 200 and 6385768?
8
What is the highest common divisor of 40103 and 379967?
119
Calculate the greatest common divisor of 72151126 and 15422.
1402
What is the greatest common factor of 3564800 and 1756800?
3200
Calculate the greatest common factor of 9432 and 53864.
8
Calculate the greatest common divisor of 2729 and 997239367.
2729
What is the highest common divisor of 766 and 1468879302?
766
Calculate the highest common divisor of 325 and 7719725.
325
What is the greatest common factor of 782618 and 146?
2
What is the highest common divisor of 2755 and 11996049?
19
Calculate the highest common divisor of 328263172 and 607.
607
Calculate the highest common factor of 27 and 31608333.
27
Calculate the highest common divisor of 115034 and 2182256.
226
What is the greatest common divisor of 5 and 1400503305?
5
What is the highest common divisor of 208973 and 76574569?
3119
Calculate the highest common divisor of 767 and 414076.
13
Calculate the greatest common factor of 104754 and 1223157.
3081
What is the highest common factor of 74145128 and 8?
8
Calculate the greatest common divisor of 539 and 105611.
11
What is the highest common factor of 35895 and 827490?
15
What is the highest common factor of 263183843 and 13?
13
Calculate the greatest common divisor of 757248 and 113424.
816
Calculate the greatest common divisor of 98869620 and 340.
340
What is the greatest common factor of 348 and 351492644?
116
What is the highest common divisor of 136512 and 141884?
316
Calculate the greatest common divisor of 4467 and 180944769.
4467
What is the greatest common factor of 611127863 and 692?
173
What is the highest common factor of 22689275 and 48818?
2219
What is the highest common factor of 20377 and 3295252?
2911
Calculate the greatest common factor of 83808 and 15360.
96
What is the greatest common divisor of 37642 and 88553454?
1298
Calculate the highest common divisor of 71355 and 3044835.
1065
Calculate the greatest common factor of 1285 and 274235.
5
What is the greatest common factor of 2352112 and 10472?
56
Calculate the highest common divisor of 13 and 629018286.
13
Calculate the highest common divisor of 1768 and 882759.
17
What is the greatest common divisor of 4686 and 359634?
66
What is the greatest common factor of 26052 and 185796?
156
What is the highest common divisor of 15129 and 4071423?
123
Calculate the highest common factor of 370961557 and 122.
61
Calculate the greatest common divisor of 1735650 and 688605.
435
What is the greatest common factor of 10760630 and 70?
10
What is the highest common factor of 176 and 20851192?
8
Calculate the highest